n factor of 8 and j?
8
Let j = -62 - -64. Suppose 0*y - x + 135 = -2*y, j*x - 205 = 3*y. Let l = y + 85. Calculate the greatest common factor of l and 50.
10
Let n be (-357)/((-2)/(-8)*-3). Let b be 34 + (14 + -8 - 12). What is the greatest common factor of b and n?
28
Suppose -2*l + 3*l - 9 = 0. Suppose -193*t - 248*t + 9456 = -47*t. What is the greatest common factor of l and t?
3
Let h(n) = -n**3 + 28*n**2 - 18*n - 14. Let p be h(8). Let f = p + -946. Let c be -2 - (-18)/1*1. Calculate the highest common factor of c and f.
16
Let o = 175 - 173. Suppose 3*c = 5*a + 52 + 902, 655 = o*c + 3*a. What is the greatest common factor of c and 19?
19
Suppose 4*y = -y. Suppose -4*s + 74 - 34 = y. Let z = s + -6. What is the greatest common factor of z and 12?
4
Let f = 67 + -87. Let d be ((-6)/15)/(6 - (-124)/f). What is the highest common factor of 2 and d?
2
Suppose g + m + 0*m = 84, 5*g - m = 402. Let z be ((-2 - -12) + -4)*(-63)/(-2). Calculate the greatest common factor of z and g.
27
Let k(q) = 101*q + 1554. Let u be k(24). Calculate the highest common factor of 26 and u.
26
Let g = -1915 + 1933. Calculate the highest common factor of g and 5436.
18
Let z be (5/(-6) - 2/(-4))*-9. Suppose -1 = j - z. Let n be -2 + (51/(-9))/(j/(-6)). Calculate the highest common divisor of n and 9.
3
Let u(i) = -i**3 - 15*i**2 + 1. Let o be u(-15). Let l be (o/(-1))/((-12)/192). Suppose 3*k - l = k. What is the greatest common factor of k and 72?
8
Suppose -2*c - 7 - 11 = x, c - 3*x = -2. Let p be -4 - 152/(-7) - c/28. What is the greatest common factor of p and 342?
18
Suppose 6036 = 3*z + 4*v, 91*z - 87*z - v = 8067. What is the greatest common factor of z and 952?
56
Suppose 80*a - 5*g = 77*a + 14271, 14271 = 3*a + g. Calculate the greatest common factor of a and 71.
71
Let w(g) = 6*g**2 + 6*g - 7. Let l be w(2). Suppose -11645 = -l*q - 1495. What is the greatest common divisor of q and 50?
50
Let m(u) = -376*u**2 + 192*u**2 + 117 + 183*u**2 - 21*u. Let a be m(-24). What is the greatest common factor of a and 99?
9
Suppose -6*l - 1942 = -196. Let v = 303 + l. What is the greatest common factor of v and 348?
12
Suppose -35*v - 89*v - 91*v + 1935 = 0. Calculate the highest common divisor of 14463 and v.
9
Let g(i) = 2*i - 33. Let h be g(19). Let p = h + -1. Suppose 4*w - 6*m + m - 24 = 0, 0 = -3*w + p*m + 19. What is the greatest common factor of 9 and w?
1
Suppose 0 = 233*u - 19854 - 277221. Calculate the highest common factor of 25 and u.
25
Let l(x) = -x**2 - 8*x + 7. Let i = -18 - -13. Let a be l(i). Suppose -2*v + 60 + 10 = 5*k, -k = 2*v - a. What is the greatest common factor of k and 48?
12
Let w = 1063 - 678. Let n be 22/(-583) - (-408156)/1484. What is the greatest common divisor of n and w?
55
Suppose 48 = 12*b - 67*b + 268. Calculate the greatest common factor of b and 2428.
4
Suppose 3*x + 7 = 19. Let l be (-506)/x + 21/42. Let n = 2 - l. Calculate the highest common divisor of n and 8.
8
Suppose 75*r + 2*i = 74*r + 690, r - 670 = 2*i. Calculate the greatest common divisor of 60 and r.
20
Let y be 191 - ((4 - -35) + -28). Suppose -2*x + 287 = -5*x + 5*r, 0 = -4*x + 5*r - 381. Let q = x - -166. What is the highest common factor of y and q?
36
Let o(g) = 2*g**3 - 19*g**2 + 8*g + 5. Let q be o(9). Let l be (q - (-13 + 2))/((-7)/(-91)). Calculate the highest common factor of 39 and l.
13
Let c be 9 + (-3 - (-8 + 15)) - -3117. Calculate the highest common divisor of 19 and c.
19
Suppose 2*v = i + 9802, 0 = 2*v - 4*i + 7*i - 9794. What is the greatest common divisor of 56 and v?
28
Suppose 4*w + 284 = 4*g + 92, 5*g + w = 240. What is the greatest common divisor of g and 204?
12
Suppose -15*q = -2*f - 273, 4*f - 95 = -4*q + 5. Calculate the highest common divisor of q and 4617.
19
Suppose g = 10 + 27. Let y(l) = 42*l + 242. Let q be y(-4). What is the greatest common factor of g and q?
37
Let l(c) = c + 48. Let d be l(-17). Suppose -2*r = 3*v - d, 4*v = -3*r - 0*r + 49. Calculate the greatest common divisor of 46 and r.
23
Suppose 330 = 3*t - 3*s - 12, -4*s + 234 = 2*t. What is the greatest common factor of 207 and t?
23
Let r = -174 + 165. Let j be (-99 - r/(-3))*(-3)/6. Calculate the highest common divisor of j and 3.
3
Let t be (-1548)/344*220/(-3). Calculate the highest common divisor of t and 195.
15
Let a = -90 + 174. Suppose 90 = 3*b + a. Let y be (1 - 2)/1*-6. What is the highest common divisor of b and y?
2
Let d be (-14 - (16/2)/(-4)) + 2. Let m be 3/((-3)/d)*288/80. Calculate the highest common factor of m and 684.
36
Let y be (1480/160)/(6735/(-16900) - 4/(-10)). What is the highest common factor of 507 and y?
169
Let r(x) = 3*x + 65. Let i be r(-20). Suppose -25 = -3*c + i*d - 3, 5*c + d - 74 = 0. Calculate the greatest common factor of 182 and c.
14
Suppose 5*d = -0*n + n + 26, 1 = -n. Let w be 26/10 + (999/3330)/((-6)/(-2048)). Calculate the greatest common divisor of d and w.
5
Let w(u) = 169*u - 324. Let k be w(4). What is the highest common divisor of k and 77?
11
Let o(g) = 3*g**2 - 2*g + 4. Let h be o(-4). Let x = -346 + 358. Suppose 250 = 13*m + x*m. Calculate the greatest common factor of m and h.
10
Let s = 16 - 16. Suppose 4*j - 46 = 5*k - 360, s = 2*j - 4*k + 160. Let z be -2 - (j/10 + 3/5). What is the highest common divisor of 25 and z?
5
Let z = -11835 - -15705. Calculate the greatest common factor of 30 and z.
30
Suppose 77*c = -k + 72*c + 73, -132 = -2*k - 3*c. What is the greatest common factor of k and 2562?
21
Let u be (116/(-58))/(3/(-183)). What is the highest common divisor of u and 2?
2
Let l(t) = -t + 14. Let i be l(12). Suppose a = -5*b + 262, -4*b + i*b - 4*a = -112. Let r be b/8 + 2/4. What is the highest common factor of r and 7?
7
Suppose -3527 + 3473 = -9*s. Calculate the greatest common divisor of s and 1194.
6
Let c be ((-11742)/(-824))/(1 + (-77)/80). Calculate the highest common divisor of 320 and c.
20
Let j = -226 - -226. Let l(q) = -3*q + 63 + 3*q + 3*q. Let n be l(j). What is the greatest common divisor of 21 and n?
21
Let t = -58 - -58. Let b = -68 + t. Let m be b/(-6)*(10/4 + -1). What is the highest common factor of 153 and m?
17
Suppose -5*d - 85 = -2*b + 142, -2*b + d + 199 = 0. Calculate the highest common factor of 5352 and b.
24
Let j(d) be the second derivative of -d**5/10 + 8*d**4/3 + 2*d**2 - 6*d - 7. Let y be j(16). What is the highest common factor of y and 20?
4
Let j be 9/(((-36)/80)/(1338/(-5))). What is the greatest common divisor of j and 24?
24
Suppose 2*f = 13*f + 253. Let n = f - -50. What is the greatest common factor of 54 and n?
27
Suppose -274*c - 70*c = -298592. What is the greatest common divisor of c and 744?
124
Let v(z) = -4*z**3 - 93*z**2 + 68*z + 95. Let m be v(-25). Calculate the greatest common factor of m and 30.
10
Suppose i - 11 = 18. Let f = 54 - i. What is the greatest common divisor of f and 15?
5
Let p(i) = i**2 - 535*i + 8834. Let y be p(17). What is the highest common factor of y and 4347?
7
Let y be (88/10)/(3/105). Calculate the highest common factor of y and 448.
28
Let l be ((-258)/(-4))/((-5150)/(-640) - 1 - 7). Calculate the greatest common factor of l and 128.
32
Let v be -12*968/(-33)*6. Calculate the highest common factor of v and 594.
66
Suppose -111*f = -125*f + 8512. Let h = 888 - f. Calculate the highest common factor of h and 168.
56
Let j(s) = s**2 - 2*s - 1. Let f be j(4). Let o be 7/(-14)*6 + f. What is the highest common factor of o and 20?
4
Suppose 0 = -2*a - 2*s - 1658, 3*a - 3*s + 0*s + 2463 = 0. Let c = -1489 - a. Let z be (-9)/21 + c/(-14). Calculate the greatest common factor of z and 47.
47
Let s be 2/(-3) + -1 + 4428/(-162). Let l be 1*-2 + (-22794)/s. Calculate the greatest common factor of 49 and l.
49
Suppose 6 = -3*c, -827 = -3*m - 16*c + 14*c. Suppose o = 5*f + 197 + 100, f + m = o. What is the highest common factor of o and 17?
17
Suppose -507*j + 490*j + 2907 = 0. What is the greatest common factor of j and 207?
9
Let x be -2*15/(-3)*(-6)/(-12). Let c(h) = -2*h**2 + 12*h + 3. Let a be c(x). Calculate the highest common factor of 143 and a.
13
Let y = 19513 + -15877. Calculate the greatest common factor of y and 84.
12
Suppose 79*o + 45*o = 54*o + 143990. Calculate the highest common divisor of o and 1089.
121
Let f = -2485 - 